{"id":194,"date":"2017-09-03T17:52:46","date_gmt":"2017-09-03T17:52:46","guid":{"rendered":"http:\/\/www.sc24sfgheorghe.ro\/?page_id=194"},"modified":"2017-11-05T22:52:49","modified_gmt":"2017-11-05T22:52:49","slug":"activitati-extrascolare","status":"publish","type":"page","link":"https:\/\/www.sc24sfgheorghe.ro\/old\/elevii-nostri\/activitati-extrascolare\/","title":{"rendered":"Activitati extrascolare"},"content":{"rendered":"<h2 align=\"center\">ACTIVITATI ZIUA INTERNATIONALA A EDUCATIEI<\/h2>\n<p><em>&#8222;Educa\u021bia \u00eenseamn\u0103 a \u00eenv\u0103\u021ba s\u0103 \u00eenve\u021bi, a \u00eenv\u0103\u021ba s\u0103 tr\u0103ie\u0219ti, a \u00eenv\u0103\u021ba s\u0103 g\u00e2nde\u0219ti liber \u0219i critic, a \u00eenv\u0103\u021ba s\u0103 iube\u0219ti lumea \u0219i\u00a0 s-o faci mai uman\u0103, a \u00eenv\u0103\u021ba s\u0103 te des\u0103v\u00e2r\u0219e\u0219ti in \u0219i prin munca creatoare.&#8221;<\/em><\/p>\n<p>Edgar Faure<\/p>\n<p>&nbsp;<\/p>\n<p><a href=\"http:\/\/www.sc24sfgheorghe.ro\/wp-content\/uploads\/2017\/09\/Biblioteca1.jpg\"><img loading=\"lazy\" decoding=\"async\" class=\"alignnone size-medium wp-image-396\" src=\"http:\/\/www.sc24sfgheorghe.ro\/wp-content\/uploads\/2017\/09\/Biblioteca1-300x169.jpg\" alt=\"\" width=\"300\" height=\"169\" srcset=\"https:\/\/www.sc24sfgheorghe.ro\/old\/wp-content\/uploads\/2017\/09\/Biblioteca1-300x169.jpg 300w, https:\/\/www.sc24sfgheorghe.ro\/old\/wp-content\/uploads\/2017\/09\/Biblioteca1-768x432.jpg 768w, https:\/\/www.sc24sfgheorghe.ro\/old\/wp-content\/uploads\/2017\/09\/Biblioteca1-1024x576.jpg 1024w, https:\/\/www.sc24sfgheorghe.ro\/old\/wp-content\/uploads\/2017\/09\/Biblioteca1-889x500.jpg 889w, https:\/\/www.sc24sfgheorghe.ro\/old\/wp-content\/uploads\/2017\/09\/Biblioteca1.jpg 1328w\" sizes=\"auto, (max-width: 300px) 100vw, 300px\" \/><\/a> <a href=\"http:\/\/www.sc24sfgheorghe.ro\/wp-content\/uploads\/2017\/09\/Biblioteca2.jpg\"><img loading=\"lazy\" decoding=\"async\" class=\"alignnone size-medium wp-image-399\" src=\"http:\/\/www.sc24sfgheorghe.ro\/wp-content\/uploads\/2017\/09\/Biblioteca2-300x169.jpg\" alt=\"\" width=\"300\" height=\"169\" srcset=\"https:\/\/www.sc24sfgheorghe.ro\/old\/wp-content\/uploads\/2017\/09\/Biblioteca2-300x169.jpg 300w, https:\/\/www.sc24sfgheorghe.ro\/old\/wp-content\/uploads\/2017\/09\/Biblioteca2-768x432.jpg 768w, https:\/\/www.sc24sfgheorghe.ro\/old\/wp-content\/uploads\/2017\/09\/Biblioteca2-1024x576.jpg 1024w, https:\/\/www.sc24sfgheorghe.ro\/old\/wp-content\/uploads\/2017\/09\/Biblioteca2-889x500.jpg 889w, https:\/\/www.sc24sfgheorghe.ro\/old\/wp-content\/uploads\/2017\/09\/Biblioteca2.jpg 1328w\" sizes=\"auto, (max-width: 300px) 100vw, 300px\" \/><\/a> <a href=\"http:\/\/www.sc24sfgheorghe.ro\/wp-content\/uploads\/2017\/09\/Videoproiector.jpg\"><img loading=\"lazy\" decoding=\"async\" class=\"alignnone size-medium wp-image-402\" src=\"http:\/\/www.sc24sfgheorghe.ro\/wp-content\/uploads\/2017\/09\/Videoproiector-300x169.jpg\" alt=\"\" width=\"300\" height=\"169\" srcset=\"https:\/\/www.sc24sfgheorghe.ro\/old\/wp-content\/uploads\/2017\/09\/Videoproiector-300x169.jpg 300w, https:\/\/www.sc24sfgheorghe.ro\/old\/wp-content\/uploads\/2017\/09\/Videoproiector-768x432.jpg 768w, https:\/\/www.sc24sfgheorghe.ro\/old\/wp-content\/uploads\/2017\/09\/Videoproiector-1024x576.jpg 1024w, https:\/\/www.sc24sfgheorghe.ro\/old\/wp-content\/uploads\/2017\/09\/Videoproiector-889x500.jpg 889w, https:\/\/www.sc24sfgheorghe.ro\/old\/wp-content\/uploads\/2017\/09\/Videoproiector.jpg 1328w\" sizes=\"auto, (max-width: 300px) 100vw, 300px\" \/><\/a><\/p>\n<h3 align=\"center\">5 OCTOMBRIE 2017<\/h3>\n<table>\n<tbody>\n<tr>\n<td width=\"332\">DENUMIREA ACTIVITATII<\/td>\n<td width=\"343\">NUMELE SI PRENUMELE RESPONSABILULUI ACTIVITATII<\/td>\n<\/tr>\n<tr>\n<td width=\"332\">FIZICA &#8211; CURIOZITATI STIINTIFICE<\/td>\n<td width=\"343\">Prof. IANCU MIHAELA<\/td>\n<\/tr>\n<tr>\n<td width=\"332\">JOCURI GEOGRAFICE<\/p>\n<p>&nbsp;<\/td>\n<td width=\"343\">\u00a0Prof. PAVEL IOANA<\/td>\n<\/tr>\n<tr>\n<td width=\"332\">ENGLISH THROUGH FUNNY SONGS<\/p>\n<p>&nbsp;<\/td>\n<td width=\"343\">Prof. STANCU CAMELIA<\/td>\n<\/tr>\n<tr>\n<td width=\"332\">ENGLISH THROUGH FILMS<\/td>\n<td width=\"343\">Prof. PITIS EUGENIA<\/p>\n<p>Prof. HRISTEA LIVIU<\/td>\n<\/tr>\n<tr>\n<td width=\"332\">LECTURI LITERARE<\/td>\n<td width=\"343\">Prof. DUMITRU ALINA<\/td>\n<\/tr>\n<tr>\n<td width=\"332\">CONCURS DE POEZIE(RECITARI)<\/p>\n<p>\u201c AI CARTE, AI PARTE\u201d<\/td>\n<td width=\"343\">Prof. LAZAR MIHAELA<\/p>\n<p>Prof. BARBU REBECA<\/p>\n<p>Prof. VATU IONELA<\/td>\n<\/tr>\n<tr>\n<td width=\"332\">INTRECERE SPORTIVA<\/td>\n<td width=\"343\">Prof. MILOTEANU LUCICA<\/p>\n<p>Prof. DEMETRESCU SORIN<\/td>\n<\/tr>\n<tr>\n<td width=\"332\">EDUCATIA- CEA MAI BUNA DINTRE LUMI RECITARI DE POEZIE<\/td>\n<td width=\"343\">Prof. BOGOVICI ADRIANA<\/p>\n<p>Prof. BIRNEA DANIELA<\/td>\n<\/tr>\n<tr>\n<td width=\"332\">VIZIONARE FILM \u201d CER DE OCTOMBRIE\u201d<\/td>\n<td width=\"343\">Prof. GIUBELAN ILEANA<\/td>\n<\/tr>\n<tr>\n<td width=\"332\">DEUTSCHE MUSIK<\/td>\n<td width=\"343\">Prof. IONESCU ROXANA<\/td>\n<\/tr>\n<tr>\n<td width=\"332\">CONCURS SPORTIV<\/p>\n<p>\u201cCUPA EDUCATIEI\u201d<\/td>\n<td width=\"343\">Prof. SIMION LIDIA<\/td>\n<\/tr>\n<tr>\n<td width=\"332\">REBUS MATEMATIC<\/td>\n<td width=\"343\">Prof. PATRASCU MARIANA<\/td>\n<\/tr>\n<tr>\n<td width=\"332\">JOCURI \u00a0MATEMATICE DISTRACTIVE<\/td>\n<td width=\"343\">Prof. MUSTATA FLORICA<\/td>\n<\/tr>\n<tr>\n<td width=\"332\">CURIOZITATI ISTORICE<\/td>\n<td width=\"343\">Prof. BIRTAN DANIELA<\/td>\n<\/tr>\n<tr>\n<td width=\"332\">\u201cDASCALITA\u201d IN CANTECE SI POEZII<\/td>\n<td width=\"343\">CLASA A II A B<\/p>\n<p>Prof. UNGUREANU SEVASTITA<\/td>\n<\/tr>\n<tr>\n<td width=\"332\">CHIPUL DASCALUL\u00a0 IN LITERATURA\u00a0 ROMANA -PPT<\/td>\n<td width=\"343\">CLASA A II A \u00a0C<\/p>\n<p>Prof. CIRSTOCEA ECATERINA<\/td>\n<\/tr>\n<tr>\n<td width=\"332\">\u201cSA STIM MAI MULTE DESPRE ANIMALE\u201d<\/p>\n<p>CORPUL MEU SI IGIENA<\/p>\n<p>&nbsp;<\/td>\n<td width=\"343\">Prof. VLADUTU MIHAITA<\/td>\n<\/tr>\n<tr>\n<td width=\"332\">ATELIER DE PICTURA SCOALA PRIN OCHII COPIILOR<\/td>\n<td width=\"343\">CLASELE\u00a0 I<\/p>\n<p>Prof. POPESCU DUMITRU<\/p>\n<p>Prof. LUPU DANIELA<\/p>\n<p>Prof .VELISCU MIHAELA<\/td>\n<\/tr>\n<tr>\n<td width=\"332\">ATELIERE DE LUCRU MANUAL<\/p>\n<p>&nbsp;<\/td>\n<td width=\"343\">Prof.POPA PAULA<\/td>\n<\/tr>\n<tr>\n<td width=\"332\">\u201c EDUCATIA IN\u00a0 IMAGINI<\/p>\n<p>EXPOZITIE DE LUCRARI<\/td>\n<td width=\"343\">CLASELE A III A<\/p>\n<p>Prof.GAULISKI MARGARETA<\/p>\n<p>Prof. HONDOR ADRIANA<\/p>\n<p>Prof. PRICINA ECATERINA<\/p>\n<p>Prof. BALACI OANA<\/td>\n<\/tr>\n<tr>\n<td width=\"332\">EDUCATIA PRIORITATE NATIONALA<\/td>\n<td width=\"343\">CLASA A III A B<\/p>\n<p>Prof. CATANA ALINA<\/td>\n<\/tr>\n<tr>\n<td width=\"332\">GANDURI PENTRU PROFESORUL MEU<\/p>\n<p>&#8211;\u00a0\u00a0\u00a0\u00a0\u00a0\u00a0\u00a0\u00a0\u00a0 CREATII LITERARE<\/td>\n<td width=\"343\">CLASA A III A C<\/p>\n<p>Prof. NEAGOE ANA<\/td>\n<\/tr>\n<tr>\n<td width=\"332\">CHIPUL DASCALULUI IN LITERATURA PENTRU COPII<\/td>\n<td width=\"343\">CLASA A II A D<\/p>\n<p>Prof. PASOI\u00a0 IRINA<\/p>\n<p>Prof. DAN EUGEN<\/td>\n<\/tr>\n<tr>\n<td width=\"332\">CE INSEAMNA EDUCATIA ? DEZBATERE<\/td>\n<td width=\"343\">CLASELE A IV A<\/p>\n<p>Prof. ISTRATE AURELIA<\/p>\n<p>Prof DUMITRU ALEXANDRA<\/p>\n<p>Prof. STAICU NORICA<\/p>\n<p>Prof. COPACI DOINA<\/td>\n<\/tr>\n<tr>\n<td width=\"332\">DREPTUL LA EDUCATIE<\/p>\n<p>DEZBATERE<\/p>\n<p>EXPOZITIE DE DESENE<\/td>\n<td width=\"343\">CLASA A\u00a0 IV A\u00a0 A<\/p>\n<p>Prof.\u00a0 DUMITRU CRISTINA<\/p>\n<p>&nbsp;<\/td>\n<\/tr>\n<tr>\n<td width=\"332\">\u201cDESCHIDE O CARTE!<\/p>\n<p>-SEZATOARE:<\/p>\n<p>SCAUNUL AUTORULUI<\/td>\n<td width=\"343\">CLASA A I A<\/p>\n<p>Prof. CRIVINEANU CRINA<\/p>\n<p>Prof. CIOCHIA MAGDA<\/td>\n<\/tr>\n<tr>\n<td width=\"332\">ATELIER DE CREA\u021aIE\/DESENE<\/p>\n<p>\u201eCHIPUL DASC\u0102LULUI MEU\u201d<\/td>\n<td width=\"343\">\u00ceNV\u0102\u021a\u0102TORII CLASELOR<\/p>\n<p>PREGATITOARE<\/p>\n<p>Prof. POPA ANISOARA<\/p>\n<p>Prof. TOMESCU LUIZA<\/p>\n<p>Prof. CHELARIU MARIANA<\/p>\n<p>Prof. DOBRESCU MARIA<\/td>\n<\/tr>\n<tr>\n<td width=\"332\">\u201cSCOALA MEA\u201d<\/p>\n<p>EXPOZITIE DE DESENE<\/td>\n<td width=\"343\">CLASA A II A<\/p>\n<p>Prof. TEODOSESCU MARINELA<\/td>\n<\/tr>\n<tr>\n<td width=\"332\">\u201cIUBESC GRADINITA MEA \u201c<\/p>\n<p>DESENE PE ASFALT<\/td>\n<td width=\"343\">GOGOA\u0218E SIMONA<\/p>\n<p>ILIE AURELIA<\/p>\n<p>BORUZ RALUCA<\/td>\n<\/tr>\n<\/tbody>\n<\/table>\n","protected":false},"excerpt":{"rendered":"<p>ACTIVITATI ZIUA INTERNATIONALA A EDUCATIEI &#8222;Educa\u021bia \u00eenseamn\u0103 a \u00eenv\u0103\u021ba s\u0103 \u00eenve\u021bi, a \u00eenv\u0103\u021ba s\u0103 tr\u0103ie\u0219ti, a \u00eenv\u0103\u021ba s\u0103 g\u00e2nde\u0219ti liber \u0219i critic, a \u00eenv\u0103\u021ba s\u0103 iube\u0219ti lumea \u0219i\u00a0 s-o faci <a href=\"https:\/\/www.sc24sfgheorghe.ro\/old\/elevii-nostri\/activitati-extrascolare\/\" class=\"more-link\">[&hellip;]<\/a><\/p>\n","protected":false},"author":21,"featured_media":0,"parent":149,"menu_order":6,"comment_status":"closed","ping_status":"closed","template":"","meta":{"Layout":"1c","footnotes":""},"class_list":["entry","author-robu-marian","post-194","page","type-page","status-publish"],"_links":{"self":[{"href":"https:\/\/www.sc24sfgheorghe.ro\/old\/wp-json\/wp\/v2\/pages\/194","targetHints":{"allow":["GET"]}}],"collection":[{"href":"https:\/\/www.sc24sfgheorghe.ro\/old\/wp-json\/wp\/v2\/pages"}],"about":[{"href":"https:\/\/www.sc24sfgheorghe.ro\/old\/wp-json\/wp\/v2\/types\/page"}],"author":[{"embeddable":true,"href":"https:\/\/www.sc24sfgheorghe.ro\/old\/wp-json\/wp\/v2\/users\/21"}],"replies":[{"embeddable":true,"href":"https:\/\/www.sc24sfgheorghe.ro\/old\/wp-json\/wp\/v2\/comments?post=194"}],"version-history":[{"count":6,"href":"https:\/\/www.sc24sfgheorghe.ro\/old\/wp-json\/wp\/v2\/pages\/194\/revisions"}],"predecessor-version":[{"id":405,"href":"https:\/\/www.sc24sfgheorghe.ro\/old\/wp-json\/wp\/v2\/pages\/194\/revisions\/405"}],"up":[{"embeddable":true,"href":"https:\/\/www.sc24sfgheorghe.ro\/old\/wp-json\/wp\/v2\/pages\/149"}],"wp:attachment":[{"href":"https:\/\/www.sc24sfgheorghe.ro\/old\/wp-json\/wp\/v2\/media?parent=194"}],"curies":[{"name":"wp","href":"https:\/\/api.w.org\/{rel}","templated":true}]}}